5*r = -5*j + 15, 0 = -j - r - 5 + 14. Let c = j + -3. Suppose -c*v - 2*m = -1181, -187 = -v + 2*m + 220. Is v composite?
False
Suppose 5*s - 16813 = 1842. Suppose -z + 5*z - 4*h - 2956 = 0, -5*z = 4*h - s. Is z a prime number?
True
Let x = 5 + -1. Suppose 5*u = -5*k, 5*k - 4 = -x*u - 2. Is (0 - u) + 10 + 247 a prime number?
False
Suppose 5*o + i - 47841 - 3072 = 0, 4*o - 40726 = -3*i. Is o composite?
True
Let p = -84 - -87. Suppose -c + p*h = -1828, -2*c - h + 4589 = 954. Is c prime?
False
Let q(z) = 3*z**3 + 9*z**2 + z + 2. Let m(b) = -2*b**3 - 4*b**2 - 1. Suppose 3*f = -0*f - 9. Let x(o) = f*q(o) - 5*m(o). Is x(9) composite?
True
Let a(p) = p**3 + p**2 - 3*p + 6. Let k be a(0). Suppose -1055 = -k*t + 139. Is t prime?
True
Let m(q) = 57*q**2 - 27*q + 8. Is m(-14) composite?
True
Suppose -19560 = -2*u + i, u = i - 2*i + 9783. Is u composite?
False
Let j(z) = z**2 - 4*z + 4. Let p be j(4). Suppose -p*o = 2*q - 2276, o + 0*o - 4*q - 569 = 0. Suppose 4*c = t - o, 2*c - 1108 = -0*t - 2*t. Is t composite?
False
Let u = -1945 - -141. Let m = -1045 - u. Suppose 4*l + 386 = -s + 3*s, m = 4*s + 5*l. Is s prime?
True
Let o(g) be the second derivative of g**4/3 - 7*g**3/6 - 5*g**2/2 + 2*g - 13. Let b = 7 - 1. Is o(b) composite?
False
Let u(i) = -i**3 - 8*i**2 - 4*i - 4. Suppose -2*s + 7*g = 2*g + 38, 4*g + 29 = -5*s. Is u(s) composite?
False
Let y be (-2)/(-9) + 80/45. Suppose 57 + 109 = y*o. Is o prime?
True
Let l be 6/(-12) + 9/2. Suppose -l*b - 1 + 7 = 3*s, 0 = 5*b. Suppose s*a + 1340 = 6*a. Is a a composite number?
True
Suppose 2*t + 7 = 11. Suppose -t*k = 3*o - 3459, -4*o - 5*k + 3468 = -o. Is o prime?
True
Let s be (111/6)/(1/(-10)). Suppose -5*d = 2*w + 255, 0 = 3*w - 3*d + 309 + 84. Let z = w - s. Is z composite?
True
Is 16595/10 + -3 + 9/2 prime?
False
Let k(d) = 4*d + 2. Let n be k(9). Suppose 19 = l - n. Is l prime?
False
Is (-2865)/18*(-4)/10*3 a prime number?
True
Suppose 4*i = 5*i - 11. Let y = -8 + i. Suppose -5*r - y*z + 2061 = -0*r, 2*r - 2*z = 818. Is r a prime number?
False
Let o = 6 + 12. Suppose o*n - 96 = 14*n. Is (-3)/n + (-7826)/(-16) a prime number?
False
Suppose 262436 = 25*o - 60789. Is o composite?
True
Let b = -4527 + 9062. Is b a composite number?
True
Let i(j) = 188*j + 109. Is i(41) composite?
False
Let f(n) = -2*n**2 - 16*n + 22. Let o be f(-9). Suppose 0 = -o*t - t + 3505. Is t prime?
True
Is (1*(-5 + 4))/(1/(-8453)) a prime number?
False
Let y be (566/3)/(1/3). Let m be (0 - (-274)/(-4))*2. Let q = y - m. Is q a prime number?
False
Let w(m) = -4*m**3 - 7*m**2 - 8*m + 33. Is w(-12) prime?
False
Suppose 0 = 3*f - 9913 + 3265. Let x = f - 1303. Is x a composite number?
True
Suppose -6 = 2*m + w, -5*m - 2*w + w = 9. Let h be (2/(-3))/(m/(-15)). Is 1616/10 + 6/h prime?
False
Suppose 28 + 35 = 9*a. Suppose f = 5*p + 996, -2*p - a = -5. Is f prime?
True
Suppose -11*f = -16*f + 9205. Is f composite?
True
Let q(z) = -49*z**3 - 4*z**2 + 3*z - 1. Let d be q(2). Let y be (64 - 65)/((-2)/(-292)). Let n = y - d. Is n composite?
False
Let s = -2732 - -5076. Suppose 15*y = 7*y + s. Is y prime?
True
Suppose w = -4*k + 136, 3*k + 0*k + 348 = 3*w. Let d(m) = -123 + m + 0*m**2 + 2*m**2 + w. Is d(4) prime?
False
Let s(x) = x**3 - x**2 - 2*x + 1. Let u be s(2). Let c be (-3)/(-3 + 2) + u. Is c/(-6) - 1969/(-33) a prime number?
True
Let l = 1440 - 971. Suppose n + 2*u = l, n - 2*u - 489 = -0*u. Is n prime?
True
Let q(r) = 4*r - 23. Let a be q(7). Is (1/3)/(a/795) composite?
False
Let j(z) = -18*z - 1. Let u = -20 - -29. Suppose u = -5*l - 6. Is j(l) a prime number?
True
Let k(j) be the second derivative of -j**4/12 + 31*j**3/6 - 17*j**2/2 + 16*j. Is k(16) a prime number?
True
Suppose -20 = -2*w - 3*w. Let j be 3492/w + (1 - -2). Suppose 4*p + 160 = j. Is p a composite number?
False
Let f(n) = n**2 - n - 23. Is f(34) a prime number?
False
Suppose 0 = -3*r + 5*w + 26, -r + 0 - 6 = 2*w. Suppose 3*o + h = 893, r*o + 4*h = o + 294. Is o composite?
True
Let w = 12 + -9. Suppose 0 = -5*n - 3*a + 5608, 3*a = 6*a - w. Is n prime?
False
Let z(i) = 1102*i + 427. Is z(6) composite?
False
Suppose 34 = 5*v + 3*w + 1, -v = 2*w - 8. Suppose -v*d - 5432 = -14*d. Is d a prime number?
False
Suppose -39384 - 310347 = -27*w. Is w prime?
True
Let m(c) = 39*c**2 + 6*c - 13. Is m(4) prime?
False
Let k = 4399 - 2426. Suppose v = 5*w - 1988, -4*w - k = -9*w - 4*v. Is w a composite number?
False
Let f(i) = -10*i**2 + 15*i - 19. Let b(w) = -3*w**2 + 5*w - 6. Let t(y) = -7*b(y) + 2*f(y). Let m be t(3). Let c(v) = 44*v**2 - 3*v - 1. Is c(m) prime?
True
Let l(m) = -858*m + 83. Is l(-21) composite?
True
Suppose -4*i - 2 = 2. Is (-4)/1 - (i + -60)*3 composite?
False
Let p = -30 - -29. Is (-5918)/(-12) + p/6 prime?
False
Is (-30)/45*2/((-4)/2721) prime?
True
Suppose -3*x + n - 1368 = -x, 0 = -3*n - 6. Let u = x - -1836. Is u a composite number?
False
Let o(c) = -c**3 + 10*c**2 - 15*c + 21. Let d(j) = -j**3 + 9*j**2 - 15*j + 20. Let a(q) = -4*d(q) + 5*o(q). Is a(11) composite?
False
Suppose -3*v + 4326 = -34893. Is v a prime number?
False
Let i(x) = 43*x**2 - 7*x + 1. Let b be i(5). Suppose 5*s = 2*t + 1731, -t - t = -3*s + b. Suppose 4*q - s = 811. Is q a composite number?
True
Suppose 616 = 10*h - 12*h. Let n = 1215 + h. Let g = -440 + n. Is g a prime number?
True
Let t = 85 + -62. Let q = 106 - t. Is q composite?
False
Let y = 2 + 1. Suppose -d = 3*f - 9 - y, 2*d - 4*f = -26. Is (-97)/(d + 20/7) composite?
True
Is ((-87)/(-58))/((-6)/(-50444)) a prime number?
True
Let g be (-4 - -2)/((-3)/(-42)). Let v be g/35*70/4. Is 4/v - 699/(-21) composite?
True
Let q(t) = t**3 + t**2 + t + 5. Let z be q(0). Let w(i) = -z - 4*i - i**2 + 0 + 5*i**2 - 3*i**2. Is w(-14) a composite number?
True
Suppose 5*x - 4*x + p = 1132, -3*x + 2*p = -3411. Suppose 0 = 5*d - x - 770. Is d prime?
False
Let t be (-8)/(-6) - 15735/(-45). Suppose -t = -5*w + 344. Is w prime?
True
Let n(t) = 4*t**2 - 29*t + 17. Is n(10) a composite number?
False
Suppose 0 = 4*h - 2*g - 12, -5*g + g + 16 = 0. Suppose -5*z + 3053 = t, -621 = 2*z - 3*z + h*t. Is z a prime number?
False
Let a(c) = c**2 - 10*c + 18. Let s be a(-30). Suppose -2*t = -3*x - 631 - s, -5*x = 5. Is t a prime number?
False
Let b be (4/(-5))/((-10)/(-25)). Let m be 4/b*(-15)/10. Suppose -m*k - 3*k = -510. Is k prime?
False
Suppose -9*h - 12658 + 31117 = 0. Is h a prime number?
False
Let z(v) = -v + 15 + 13 - 46*v. Is z(-5) prime?
True
Let b = -18 - -26. Suppose -b = 3*s - 5*s. Suppose -25 = -5*u + s*u. Is u prime?
False
Suppose -384*a = -395*a + 209693. Is a a prime number?
False
Let t = 138 - 11. Suppose -3*i - 2 + 8 = 0. Suppose 2*l - 84 = -i*o, 3*o - 4*l - 34 = t. Is o prime?
True
Suppose -4*q - 2368 = 460. Is (-2)/3 + q/(-3) a prime number?
False
Suppose 2*i + r + 0*r - 21 = 0, -2*i + 18 = -2*r. Let q be (-2)/i - 3486/(-30). Let g = -58 + q. Is g composite?
True
Let r(b) = b**3 + 7*b**2 - 26*b + 27. Is r(23) a composite number?
False
Let s be ((-8)/12)/(6/(-63)). Let x = -11 + s. Is -7 - x - (-2332)/2 prime?
True
Suppose 4*v - 33 = 39. Let y = 127 + v. Is y a prime number?
False
Let x = 2541 + -1361. Let g = x + -623. Is g prime?
True
Let n be (0 + 1/3)/((-13)/(-13026)). Let k = n - -1999. Is k composite?
False
Let r(h) = -h**3 + 18*h**2 - 17*h + 83. Is r(8) a composite number?
False
Let r(g) = -g + 3. Let z be r(6). Let i = z - -4. Is 11 + 9 - (i + 0) prime?
True
Let g = -167 - -198. Is g composite?
False
Let h = 2 - 1. Let x(k) be the second derivative of 37*k**3/6 - 38*k. Is x(h) composite?
False
Let n be ((-108)/48)/((-3)/(-10))*-2. Suppose -4*b + 3*b = -2. Suppose b*u - n = 3. Is u a prime number?
False
Suppose 4*l - 7 - 9 = 0. Suppose -q + 0*c = -l*c + 11, c = -2*q + 14. Suppose 38 = -q*d + 373. Is d composite?
False
Suppose 10*z - 397 = -3547. Is (z/2 + 14/(-7))*-2 a prime number?
False
Let o be 104 + (-1 - 1) + 1. Suppose 2*q - 481 = o. Let n = q + -79. Is n composite?
True
Is (-44729)/(-4) + (-34)/136 a composite number?
True
Suppose -3*f + 3*p = -24, -5*f - 4 + 12 = 3*p. Is (16/(-24))/(f/(-1266)) a composite number?
False
Let o be (-2 - 0) + (-10)/25*-15. Let b(d) = 23*d - 5. Let w be b(6). Suppose o*i = 5*i - w. Is i prime?
False
Let z be (-530)/(3/6*-2). Let p = 284 + -557. Let s = z + p. Is s composite?
False
Let i(x) = 4*x**2 + 3*